is the greatest common factor of q and 16?
16
Let v(w) = -w**3 + 7*w**2 + w - 2. Let s be v(7). Suppose -159 = -s*m + 81. What is the highest common divisor of m and 72?
24
Let y = 66 - 64. Calculate the highest common factor of y and 2.
2
Let j(b) = -2*b**3 - 7*b**2 - 4*b + 6. Let r be j(-6). Let i = 301 - r. Suppose i = -0*m + m. Calculate the greatest common divisor of m and 13.
13
Let f(o) = 2*o**2 + 5*o - 2. Let b be f(4). Let m = 138 - b. Calculate the greatest common factor of m and 8.
8
Suppose -423 = -9*c - 63. Calculate the highest common divisor of c and 10.
10
Let c = -172 + 649. What is the greatest common factor of c and 53?
53
Let r = -15 - -21. What is the highest common divisor of r and 30?
6
Suppose 0 = -3*s + n - 3*n + 34, -s = -4*n + 12. Let v = s - 6. Let i be (-1 + v)/((-2)/(-18)). Calculate the highest common factor of 45 and i.
9
Suppose -5*m - 3*d + 40 = -5*d, 0 = 5*m + 2*d - 60. What is the greatest common divisor of m and 5?
5
Let v(i) be the second derivative of i**5/20 + i**4/4 + i**3/6 + i**2 - 2*i. Let h be v(-3). Let t = h - -6. Calculate the highest common factor of 40 and t.
5
Let l(c) = -c**2 + 3*c - 2. Let k be l(2). Suppose k = 5*w - 0*w - 135. What is the greatest common divisor of w and 3?
3
Let o(w) = 2*w**2 + 4*w + 2*w**2 + 3 + 0*w**2 - 2*w**3. Let c be o(-2). Suppose 3*p = 6*p - 9, 3*p = -2*l + c. Calculate the highest common divisor of l and 63.
9
Suppose 0 = 2*y - 2*u - 10, -3*y + u + 7 = -y. Let c be -15*(-1 - y/(-6)). Let q be 30 + (-2)/2 + 1. What is the greatest common factor of q and c?
10
Let l(q) = 8*q + 0*q**2 + 0*q**2 - 4*q**2 + 3*q**2. Let f be l(6). What is the highest common divisor of f and 12?
12
Suppose -t = -2*g - 0*t + 8, -3*g + 12 = 4*t. Let l be g/((-48)/(-27))*4. What is the greatest common factor of 36 and l?
9
Suppose -i - 56 = -2*i. Calculate the highest common divisor of 14 and i.
14
Suppose 3*q - 4*w + 11 = 0, -2*w = 5*q - 0*w - 25. What is the greatest common factor of q and 4?
1
Let c(n) = 9*n - 12. Let b be c(4). Let a = 3 + 0. Suppose 0 = -s + 2*s + a*k - 6, 3*k + 24 = 4*s. What is the greatest common factor of b and s?
6
Suppose 0 = v + 3*o - 78 - 67, -v = -4*o - 117. Calculate the greatest common factor of 19 and v.
19
Let m = -47 + 64. What is the highest common factor of m and 289?
17
Suppose -12*g + 14*g - 14 = 0. Suppose 10*x - 99 = g*x. Suppose h + 6 = 3*h. Calculate the greatest common factor of x and h.
3
Let c be (0 - -1) + (2 - -2). Suppose c = -a + 2*a. Suppose -3*d - d - b = -199, -a*d + 248 = b. Calculate the highest common divisor of d and 7.
7
Suppose 0 = 27*a - 25*a - 56. Suppose 3*l + 12 + 0 = 0, 3*f + 3*l - 9 = 0. Calculate the highest common factor of f and a.
7
Let t = -530 - -101. Let u be t/(-4) - (-6)/8. Suppose -23 = -2*v + 1. Calculate the highest common divisor of v and u.
12
Let x be 4/6 + (-186)/9. Let q be 285/x*(-16)/6. Suppose -5*l + q + 12 = 0. Calculate the greatest common factor of l and 5.
5
Let a = 32 + -10. Let z be 7 + 57 + -5 + -4. Calculate the greatest common factor of z and a.
11
Let n be 2/10 - (-98)/35 - -9. What is the greatest common divisor of 3 and n?
3
Suppose -2*b - 4*s + 152 = 0, 0 = 5*b - 0*b + 5*s - 355. What is the greatest common divisor of b and 6?
6
Let s be (-4)/(-10) + (-10)/25. Suppose 3*i - 6 - 30 = s. Suppose 0*r + 4*r = 4*o - 400, 3*r = 5*o - 492. What is the greatest common factor of i and o?
12
Suppose w = 5*m + 1, m + 3*m + 16 = -3*w. Let u be m - (-202)/(-2 + 4). Calculate the greatest common factor of 20 and u.
20
Suppose j = -5*p + 40, -5*p = 2*j + j - 100. Suppose -y = i - 9, 5*i + 2*y = i + 40. Suppose l = i + 4. What is the greatest common factor of l and j?
15
Let u = 22 + -16. Let d = -2 + 3. Let n(c) = 13*c**2 - 2*c + 1. Let o be n(d). Calculate the greatest common divisor of u and o.
6
Let w = -10 + -4. Let m = 2 - w. What is the greatest common factor of 112 and m?
16
Suppose 0 = z - 1 + 3. Let v(l) = -3*l**3 + 2*l**2 - l - 1. Let i be v(z). What is the greatest common factor of i and 3?
3
Let o(g) = g**3 - 5*g**2 + 4*g + 4. Let y be o(4). Let s be 130/y + (-2)/4. What is the highest common factor of s and 48?
16
Let m be 1/(-3) + (-13)/(-3). Suppose 3*s = -s + 8. Suppose 1 = -s*k - 10*i + 5*i, -2*k - 3*i = -1. Calculate the greatest common divisor of k and m.
2
Let h(y) = y**3 + 17*y**2 + 11*y - 25. Let x be h(-15). Calculate the highest common divisor of x and 20.
20
Let u(g) = g**3 + 9*g**2 - 3*g - 12. Let j be u(-9). Let p be (-72)/(-7) - (-2)/(-7). What is the greatest common factor of j and p?
5
Let y(q) = -q**3 - 21*q**2 - 2*q - 17. Let c be y(-21). What is the highest common factor of 30 and c?
5
Suppose -5*z = -3*z + 5*p - 28, -p - 7 = -z. What is the greatest common divisor of z and 9?
9
Let r(v) = -v**3 - 6*v**2 + 5*v - 9. Let c be r(-7). Suppose 0 = -c*y + 5, 5*k - 4*y = 21 - 5. Calculate the highest common divisor of 10 and k.
2
Let s be -9*4/((-48)/28). Let v = s + -20. Calculate the greatest common factor of 9 and v.
1
Let i be (0 - 40)*(0 - 2). What is the greatest common divisor of 10 and i?
10
Let q(c) = 9*c - 25. Let l be q(5). What is the highest common factor of 160 and l?
20
Suppose 6*g = 3*g + 234. Calculate the highest common divisor of 13 and g.
13
Let o = 50 - 46. Let w be (2 + -3 - 1) + 72. Suppose 2*m + 4*t = 80, -t - w = -0*m - 2*m. What is the greatest common divisor of m and o?
4
Let g(o) = 4*o - 8. Let l be g(11). Let v = 71 - l. Calculate the highest common divisor of v and 5.
5
Let n = 48 + 69. Let u be (1/((-3)/78))/(-2). Calculate the highest common factor of n and u.
13
Suppose -5*f = -13*f + 16. Let v = 16 + -8. What is the highest common factor of v and f?
2
Let v be 4/(-16) - (-2)/8. Suppose 2*y + a + v = 17, -y - a = -9. Calculate the greatest common factor of y and 4.
4
Let r = 4 - 3. Let j(o) = -o**3 + 5*o**2 + 5*o + 7. Let d be j(6). What is the greatest common factor of d and r?
1
Let s be (-8)/12*9/(-2). Suppose 6 = -2*j, -3*c + s = 3*j - 0. Let a = 0 - -4. What is the highest common factor of a and c?
4
Suppose d = -4, o + 4*d + 20 = 5*o. Let h be o/(1*2/130). What is the greatest common factor of 13 and h?
13
Let k be -1 - (5*(4 + -9) - -3). Calculate the greatest common divisor of k and 9.
3
Let w = -5 - -10. Suppose w*i = -2*y + 120, -3*i + i = -2*y + 134. What is the highest common factor of y and 26?
13
Let k be -1 + (-4)/(4/(-11)). Let m(h) = -h**3 + 9*h**2 + h - 2. Let v be m(8). What is the greatest common factor of v and k?
10
Suppose 2*w - 5*z = 7*w + 5, -5*z + 35 = -3*w. Let f = w - -9. What is the greatest common factor of f and 36?
4
Let q be 2 + 3/((-3)/(-38)). Calculate the highest common factor of 8 and q.
8
Suppose -4*z + 59 = 4*o - 5*z, -3*o + 5*z = -40. Let c(b) = -46*b**3 + b. Let u be c(-1). Calculate the highest common factor of u and o.
15
Suppose 5*w - 17 = -2, -t + 42 = 5*w. What is the highest common factor of t and 189?
27
Let x(w) = 2*w - 12. Let u be x(9). Suppose u*j = 2*j + 48. Calculate the highest common divisor of j and 12.
12
Let y = 44 - 26. Suppose 42 = 4*k - y. What is the highest common divisor of 165 and k?
15
Suppose 0 = -d + 5 + 2. Let y = 3 - -25. What is the highest common factor of y and d?
7
Let v(x) = -x**3 + 7*x**2 + 8*x. Suppose -27 = -4*y + 3*i, -14 = -5*y + 5*i + 21. Let m be v(y). What is the highest common divisor of 21 and m?
21
Let h = -3 + 1. Let c(o) = 3*o**2 + 2*o**3 + 2 - o**3 + 2*o + 0. Let g be c(h). Calculate the greatest common divisor of 2 and g.
2
Let l be 1*16*9/3. Suppose -4*y + 5*u + 480 = 0, -4*y + 3*u = -563 + 83. Calculate the greatest common factor of l and y.
24
Let u = 21 + -11. What is the greatest common factor of u and 80?
10
Suppose -g - 3*t = -83, -g - 4*g + 398 = -2*t. Let y be -20*1*3/(-6). What is the highest common factor of y and g?
10
Let q(w) = -w**3 + 5*w**2 + 7*w + 6. Let y be q(6). Let s = -5 - -113. Calculate the highest common divisor of y and s.
12
Suppose 0 = 5*b - 4 - 46. Suppose 0 = 3*z + 5*u - b, u = z + 3*u - 5. Let c(n) = -2*n + 2. Let x be c(z). Calculate the greatest common divisor of x and 3.
3
Let p(b) = -b**3 - b**3 + 3*b**3 + 7*b**2 - b. Let f be p(-5). Let s be ((-22)/3)/(2/(-3)). What is the greatest common factor of f and s?
11
Let i(x) = 